{"id":46,"date":"2015-11-04T21:01:17","date_gmt":"2015-11-04T21:01:17","guid":{"rendered":"https:\/\/willkommen.unser-lurup.de\/?page_id=46"},"modified":"2021-01-20T17:09:06","modified_gmt":"2021-01-20T17:09:06","slug":"46-2","status":"publish","type":"page","link":"https:\/\/willkommen.unser-lurup.de\/?page_id=46","title":{"rendered":"Aktuelles"},"content":{"rendered":"<hr \/>\n<p><strong>Willkommenstreff<\/strong><\/p>\n<hr \/>\n<p><strong><span style=\"color: #ff0000;\">Wegen der Corona-Pandemie k\u00f6nnen unsere Treffen und auch andere Angebote zur Zeit leider nicht stattfinden. <\/span><\/strong><\/p>\n<p><strong>Anregungen, wie sie die Menschen in den Unterk\u00fcnften st\u00e4rken und unterst\u00fctzen k\u00f6nnen, finden Sie <a href=\"https:\/\/willkommen.unser-lurup.de\/wp-content\/uploads\/2020\/05\/2020-04-29-Engagementmo\u0308glichkeiten-bei-f-w-wa\u0308hrend-der-Corona-Pandemie.pdf\">hier<\/a><\/strong><strong>.<br \/><\/strong><\/p>\n<p>Weitere Information bei willkommen@unser-lurup.de<\/p>\n<p>Beim Treffen sind alle willkommen, die in der Unterkunft leben oder arbeiten, die in der Willkommensinitiative aktiv sind, die einmal bei uns hereinschnuppern oder die mit uns zusammenarbeiten m\u00f6chten oder dies bereits tun.<\/p>\n<hr \/>\n<p>Die <strong>AG Beruf und Ausbildung<\/strong> hat einen <strong>Flyer<\/strong> erarbeitet, den Sie sich <a href=\"https:\/\/willkommen.unser-lurup.de\/wp-content\/uploads\/2015\/11\/Flyer-AG-Arbeit-und-Ausbildung-2.pdf\" target=\"_blank\" rel=\"noopener\"><strong>hier <\/strong><\/a>herunterladen k\u00f6nnen. Die AG freut sich \u00fcber weitere Mitarbeiter\/innen.<br \/>Witere Information: ausbildung-beruf.willkommen@unser-lurup.de<\/p>\n<hr \/>\n<p><strong>Sportangebote beim SV Lurup:<br \/><\/strong><\/p>\n<p>der SV Lurup bietet Schach, Fu\u00dfball und Volleyball f\u00fcr Gefl\u00fcchtete an, s. aktuellen <a href=\"https:\/\/willkommen.unser-lurup.de\/wp-content\/uploads\/2015\/11\/20170518-Angebote-fu%CC%88r-WUK-619-1.pdf\" target=\"_blank\" rel=\"noopener\"><strong>Wochenplan<\/strong><\/a>.<\/p>\n<hr \/>\n<p>Der <strong>Freizeit- und Werkstatttreff Luur-up e. V.<\/strong> l\u00e4dt auch jugendliche Gefl\u00fcchtete herzlich ein. Hier finden Sie das Programm f\u00fcr den <a href=\"https:\/\/willkommen.unser-lurup.de\/wp-content\/uploads\/2015\/11\/Freizeittreff2016_1_Seite.pdf\" target=\"_blank\" rel=\"noopener\"><strong>Freizeitreff<\/strong><\/a>, den <a href=\"https:\/\/willkommen.unser-lurup.de\/wp-content\/uploads\/2015\/11\/Flyer-Werkstatttreff2016.pdf\" target=\"_blank\" rel=\"noopener\"><strong>Werkstatttreff<\/strong><\/a> und f\u00fcr die <a href=\"https:\/\/willkommen.unser-lurup.de\/wp-content\/uploads\/2015\/11\/Flyer-Fahrradwerkstatt2016.pdf\" target=\"_blank\" rel=\"noopener\"><strong>Fahrradwerkstatt<\/strong><\/a>.<\/p>\n<hr \/>\n<p>Die <strong>AG Stadtteilkarte<\/strong> hat einen sch\u00f6nen, \u00fcbersichtlichen Umgebungsplan erarbeitet, den Sie <a href=\"https:\/\/willkommen.unser-lurup.de\/wp-content\/uploads\/2015\/11\/Lurup_final_web.pdf\" target=\"_blank\" rel=\"noopener\">hier<\/a> herunterladen k\u00f6nnen.<\/p>\n<p><a href=\"https:\/\/willkommen.unser-lurup.de\/wp-content\/uploads\/2015\/11\/StadtteilkarteWEB.jpg\" target=\"_blank\" rel=\"noopener\"><img loading=\"lazy\" decoding=\"async\" class=\"wp-image-198 alignleft\" src=\"https:\/\/willkommen.unser-lurup.de\/wp-content\/uploads\/2015\/11\/StadtteilkarteWEB.jpg\" alt=\"StadtteilkarteWEB\" width=\"462\" height=\"346\" \/><\/a><\/p>\n<hr \/>\n\n","protected":false},"excerpt":{"rendered":"<p>Willkommenstreff Wegen der Corona-Pandemie k\u00f6nnen unsere Treffen und auch andere Angebote zur Zeit leider nicht stattfinden. Anregungen, wie sie die Menschen in den Unterk\u00fcnften st\u00e4rken und unterst\u00fctzen k\u00f6nnen, finden Sie hier. Weitere Information bei willkommen@unser-lurup.de Beim Treffen sind alle willkommen, die in der Unterkunft leben oder arbeiten, die in der Willkommensinitiative aktiv sind, die einmal [&hellip;]<\/p>\n","protected":false},"author":2,"featured_media":0,"parent":0,"menu_order":0,"comment_status":"closed","ping_status":"closed","template":"","meta":{"_et_pb_use_builder":"","_et_pb_old_content":"","_et_gb_content_width":"","footnotes":""},"class_list":["post-46","page","type-page","status-publish","hentry"],"_links":{"self":[{"href":"https:\/\/willkommen.unser-lurup.de\/index.php?rest_route=\/wp\/v2\/pages\/46","targetHints":{"allow":["GET"]}}],"collection":[{"href":"https:\/\/willkommen.unser-lurup.de\/index.php?rest_route=\/wp\/v2\/pages"}],"about":[{"href":"https:\/\/willkommen.unser-lurup.de\/index.php?rest_route=\/wp\/v2\/types\/page"}],"author":[{"embeddable":true,"href":"https:\/\/willkommen.unser-lurup.de\/index.php?rest_route=\/wp\/v2\/users\/2"}],"replies":[{"embeddable":true,"href":"https:\/\/willkommen.unser-lurup.de\/index.php?rest_route=%2Fwp%2Fv2%2Fcomments&post=46"}],"version-history":[{"count":154,"href":"https:\/\/willkommen.unser-lurup.de\/index.php?rest_route=\/wp\/v2\/pages\/46\/revisions"}],"predecessor-version":[{"id":589,"href":"https:\/\/willkommen.unser-lurup.de\/index.php?rest_route=\/wp\/v2\/pages\/46\/revisions\/589"}],"wp:attachment":[{"href":"https:\/\/willkommen.unser-lurup.de\/index.php?rest_route=%2Fwp%2Fv2%2Fmedia&parent=46"}],"curies":[{"name":"wp","href":"https:\/\/api.w.org\/{rel}","templated":true}]}}