{"id":27,"date":"2015-10-19T09:23:36","date_gmt":"2015-10-19T09:23:36","guid":{"rendered":"https:\/\/willkommen.unser-lurup.de\/?page_id=27"},"modified":"2021-01-20T17:28:02","modified_gmt":"2021-01-20T17:28:02","slug":"willkommen","status":"publish","type":"page","link":"https:\/\/willkommen.unser-lurup.de\/","title":{"rendered":"Willkommen"},"content":{"rendered":"\n<p>Alle Menschen in Lurup und in benachbarten Stadtteilen, die Fl\u00fcchtlinge in unserer Nachbarschaft willkommen hei\u00dfen und unterst\u00fctzen m\u00f6chten, damit sie gut bei uns in Lurup ankommen, sind herzlich eingeladen, sich an unserer Initiative zu beteiligen.<\/p>\n\n\n\n<p>Die Initiative hat bis Dezember vor allem Gefl\u00fcchtete unters\u00fctzt, die in der<strong> <\/strong>Folgeunterbringung der Luruper Hauptstra\u00dfe (&#8222;Parkplatz gr\u00fcn&#8220;) wohnen. Sobald die Corona-Lage es wieder zul\u00e4sst, m\u00f6chten wir die Gefl\u00fcchteten in der <strong>Unterkunft Albert-Einstein-Ring<\/strong> unterst\u00fctzen.<\/p>\n\n\n\n<p>Auf der Veranstaltung &#8222;Fl\u00fcchtlinge willkommen in Lurup&#8220; am 12. Oktober 2015 mit rund 200 Teilnehmenden, haben wir gefragt, wer mit welchen F\u00e4higkeiten und Ressourcen unsere neuen Nachbarinnen und Nachbarn unterst\u00fctzen m\u00f6chte. Dort haben wir Arbeitsgruppen gegr\u00fcndet, die sich \u00fcber weitere Unterst\u00fctzung freuen.<\/p>\n\n\n\n<p><strong>Eine \u00dcbersicht \u00fcber die Arbeitsgruppen und Kontakte finden Sie <a href=\"?page_id=56\" target=\"_blank\" rel=\"noopener\">hier<\/a>.<\/strong><\/p>\n\n\n\n<p>Eine \u00dcbersicht \u00fcber <strong>aktuelle Treffen und Aktionen<\/strong> finden sie <a href=\"?page_id=46\"><strong>hier<\/strong><\/a>.<br>Unser\u00a0 <strong>Infoblatt<\/strong> finden Sie <a rel=\"noopener\" href=\"https:\/\/willkommen.unser-lurup.de\/wp-content\/uploads\/2015\/10\/InfoblattWillkommen14.4.2016.pdf\" target=\"_blank\"><strong>hier<\/strong><\/a>.<\/p>\n\n\n\n<p><strong>Spendenkonto der Initiative \u201eWillkommen in Lurup\u201c:<\/strong><br>Empf\u00e4nger: KGV Lurup\/Osdorfer Born<br>Hamburger Sparkasse<br>IBAN: DE 05 200 505 50 1053 2132 35<br>BIC: HASPDEHHXX<br>Bitte geben Sie als Verwendungszweck \u201eWillkommen in Lurup\u201c an.<\/p>\n","protected":false},"excerpt":{"rendered":"<p>Alle Menschen in Lurup und in benachbarten Stadtteilen, die Fl\u00fcchtlinge in unserer Nachbarschaft willkommen hei\u00dfen und unterst\u00fctzen m\u00f6chten, damit sie gut bei uns in Lurup ankommen, sind herzlich eingeladen, sich an unserer Initiative zu beteiligen. Die Initiative hat bis Dezember vor allem Gefl\u00fcchtete unters\u00fctzt, die in der Folgeunterbringung der Luruper Hauptstra\u00dfe (&#8222;Parkplatz gr\u00fcn&#8220;) wohnen. Sobald [&hellip;]<\/p>\n","protected":false},"author":2,"featured_media":0,"parent":0,"menu_order":0,"comment_status":"closed","ping_status":"closed","template":"","meta":{"_et_pb_use_builder":"","_et_pb_old_content":"","_et_gb_content_width":"","footnotes":""},"class_list":["post-27","page","type-page","status-publish","hentry"],"_links":{"self":[{"href":"https:\/\/willkommen.unser-lurup.de\/index.php?rest_route=\/wp\/v2\/pages\/27","targetHints":{"allow":["GET"]}}],"collection":[{"href":"https:\/\/willkommen.unser-lurup.de\/index.php?rest_route=\/wp\/v2\/pages"}],"about":[{"href":"https:\/\/willkommen.unser-lurup.de\/index.php?rest_route=\/wp\/v2\/types\/page"}],"author":[{"embeddable":true,"href":"https:\/\/willkommen.unser-lurup.de\/index.php?rest_route=\/wp\/v2\/users\/2"}],"replies":[{"embeddable":true,"href":"https:\/\/willkommen.unser-lurup.de\/index.php?rest_route=%2Fwp%2Fv2%2Fcomments&post=27"}],"version-history":[{"count":18,"href":"https:\/\/willkommen.unser-lurup.de\/index.php?rest_route=\/wp\/v2\/pages\/27\/revisions"}],"predecessor-version":[{"id":608,"href":"https:\/\/willkommen.unser-lurup.de\/index.php?rest_route=\/wp\/v2\/pages\/27\/revisions\/608"}],"wp:attachment":[{"href":"https:\/\/willkommen.unser-lurup.de\/index.php?rest_route=%2Fwp%2Fv2%2Fmedia&parent=27"}],"curies":[{"name":"wp","href":"https:\/\/api.w.org\/{rel}","templated":true}]}}